= 18. Calculate a(o).
0
Let t(g) = g - 5. Suppose 9*v + 14 + 40 = 0. Give t(v).
-11
Suppose 4*r + 13 = 29. Let s(t) = 4*t - 13. Let y(c) be the first derivative of c**2 - 6*c + 11. Let p(v) = -2*s(v) + 5*y(v). Give p(r).
4
Let i(s) = -s**2 - 5*s + 2. Let c be i(-4). Suppose 0 = -c*d + 6 - 0. Let u(m) = 10*m + 1. Give u(d).
11
Let l(p) = p**3 + 13*p**2 + 38*p + 190. Let m be l(-11). Let o(q) = q**3 - 15*q**2 + 17*q - 21. Calculate o(m).
21
Let w = -15 - -19. Suppose -3*n = n - w. Let x(p) = -3*p**2 - p. Determine x(n).
-4
Let b(l) = -2*l + 2. Let j(k) = -2*k**2 + 12*k + 4. Let d be j(6). Suppose -d*q + 7 = 4*t - 29, 5*q + 25 = 5*t. Let h = t - 11. Calculate b(h).
10
Suppose 18 = 17*r - 67. Suppose r + 37 = 7*v. Let m(z) = -z**3 + 6*z**2 - z + 4. Give m(v).
-2
Let x(p) = 1 - 61*p + 99*p - 39*p. Let h(i) = i + 4. Let b be h(-7). What is x(b)?
4
Let p(y) = -y**2 - 9*y + 14. Let w be p(-11). Let o = w - -4. Let b be (1*-3)/(6/o). Let u(l) = 3*l - 3. Determine u(b).
3
Let z(x) = -2*x**2 - 1. Let n be z(-1). Let w(m) = -13*m**3 - 2 + 169*m**2 - 2*m - 167*m**2 + 14*m**3. Determine w(n).
-5
Suppose -3*x + 6 = o, 0 + 32 = -4*o + 2*x. Let u(i) = 7*i**2 - 3*i - 38. Let c be u(-8). Let l(r) = 440*r + 4 + c*r - 873*r. Determine l(o).
-2
Let q(d) = d**3 + 3*d**2 - 3*d + 2. Suppose -2*z + 5*z - 5*o = 10, -3*z + 19 = 4*o. Suppose -2*h - 24 = -h + z*a, 16 = -4*a. Give q(h).
-2
Let k(n) be the third derivative of -2*n**3 - 15 + 0*n + 2*n**2 + 1/24*n**4. Give k(9).
-3
Let q(i) = -4*i - 19. Let v = -1057 + 1049. Calculate q(v).
13
Let o(p) = 7*p + 2. Let h = 53 - 50. Let z(x) = 3*x - 7. Let r be z(h). What is o(r)?
16
Let x(g) = -28*g + 29. Let d be x(6). Let c = d + 134. Let u(s) be the third derivative of s**6/120 + s**5/15 - s**4/6 - 5*s**3/6 - s**2. What is u(c)?
-10
Let s(x) = -3*x + 7. Let f(o) = -4*o + 8. Let z be 6/21 - 80/(-14). Let t(d) = z*s(d) - 5*f(d). Calculate t(5).
12
Let c = 13 + -8. Let p(h) = 2*h + 3*h**2 + 2*h + 2*h**3 + c - 3*h**3. Suppose -17*z + 18*z + 4*j - 16 = 0, 0 = z - j - 1. Give p(z).
5
Let a(m) be the first derivative of -3*m**4/2 + m**3/3 + m**2/2 + m - 29. Calculate a(-1).
7
Let m(k) = 8*k. Let u(p) = p**2 + p + 1. Let y = -10 - -12. Suppose 5*v - 16 = i, 3*i = v + y - 8. Let h be u(i). Determine m(h).
8
Let d(b) = b**3 + 6*b**2 - 7*b + 9. Suppose 6594*c - 7 = 6595*c. Determine d(c).
9
Suppose -64 + 19 = 3*d - b, 2*b - 74 = 5*d. Let v be (-16)/40 - d/(-10). Let j(m) = 0*m**3 + m + m**3 + 0*m**3 - 1 + 3*m**2. What is j(v)?
1
Let a(d) = -2*d**2 - 8*d**2 - 1 + 299*d - 298*d. Determine a(1).
-10
Suppose 2*k + 5*g = 6 + 6, 4*k + 2 = 3*g. Suppose 0 = c - 4*f + 15, -35 = 4*c - 6*c - 5*f. Let i(m) = 2*m - c*m - 3*m**3 + m**3 + 2*m + m**2. Calculate i(k).
-2
Let q(m) be the second derivative of m**5/20 - m**4/6 - m**3/6 - m. Suppose -6*b + 90 = -0*b. Suppose -4*h = i + 13, -2*h - b + 4 = -i. Calculate q(i).
6
Let p(o) be the second derivative of -o**4/6 - o**2/2 + 75*o. Give p(-2).
-9
Let d(r) = -13*r - 1. Let n(u) = 7*u. Let o(w) = -6*d(w) - 11*n(w). What is o(-10)?
-4
Let j(w) = 2*w**3 - 10*w**2 + 2*w - 4. Let v(t) = t**3 - t**2 + 5*t + 1. Let d(m) = -j(m) + 3*v(m). Calculate d(-5).
-8
Let q(t) = 3*t**2 - 7*t**3 - 2*t + 8*t - 7 + t**3 + t**2 + 5*t**3. Determine q(4).
17
Suppose -4*a + a + 3*v = -6, 0 = a + v. Let p(i) = 1 - 2*i**2 - 4*i**2 - 7*i**3 + 5*i**2. Give p(a).
-7
Let f(y) = 6 + y**3 - 5*y**2 - 918*y - 920*y + 1836*y. Determine f(5).
-4
Let g(n) = -5*n**3 + 32*n**2 + 22*n + 11. Let z(s) = 2*s**3 - 11*s**2 - 7*s - 3. Let l(x) = 3*g(x) + 8*z(x). Determine l(-7).
-12
Let i(q) = 3*q + 24. Suppose -9*o - 7*o - 160 = 0. Determine i(o).
-6
Let i(g) = 2*g - 6. Let o(f) = -f**2 - f + 107. Let m be o(10). Determine i(m).
-12
Let m = 6 - 2. Let z(p) = 2*p - 3. Let l(h) = -h + 3. Let o(f) = 4*l(f) + 3*z(f). Give o(m).
11
Let i(j) be the first derivative of j**4/4 - 4*j**3 - 13*j**2/2 - 5*j + 213. Calculate i(13).
-5
Let s(b) = -b**3 + 7*b**2 + b - 2. Suppose f = -4*c + 6*c - 14, -28 = -4*c - f. What is s(c)?
5
Let q(p) = -p**2 - 11*p - 12. Let u(r) = 8*r - 27. Let i be u(5). Suppose i*f = 12*f - 8. Determine q(f).
12
Suppose 4 = 21*i - 19*i. Let s(z) = -z - 6. Let w be s(-8). Let l(r) = -w - 3*r + r - 1 + 4. Determine l(i).
-3
Let h(w) be the first derivative of w**4/4 + w**2/2 + 15*w - 106. Calculate h(0).
15
Let o(a) = -a**2 + 7*a - 3. Let f be o(3). Let w(r) = -3*r**3 + 7*r**2 + 6. Let c(g) = 13*g**3 - 29*g**2 + g - 24. Let v(j) = f*w(j) + 2*c(j). Determine v(5).
16
Let r(z) = 5*z**3 + 20*z**2 - 18*z + 11. Let l(p) = p**3 + 2*p**2 - 2*p + 2. Let x(n) = 6*l(n) - r(n). What is x(7)?
-6
Let b(r) = -r**2 + 5*r - 2. Let d(j) = 3*j - 6. Let m(q) = 1. Let f(l) = d(l) + 4*m(l). Let w be f(2). Give b(w).
2
Let t(r) = -3*r - 3. Let b(p) = p - 1. Let y be 0 + (-3)/((-9)/2)*3. Let z(i) = y*b(i) + t(i). Suppose -3*q - 9 = -2*v, 5*q = -5*v - 10 - 5. Give z(v).
-5
Let i = 5 - 14. Let m(w) = -w**2 - 2*w - 3. Let o be m(-3). Let f = i - o. Let z(g) = 2*g**2 + 3*g + 2. Calculate z(f).
11
Let c(q) = q**2 - 7*q + 2. Let l be 28/(-126) - 148/(-18). Determine c(l).
10
Let u(d) = 4*d**3 + 14*d**2 - 24*d + 31. Let n(j) = j**3 + 5*j**2 - 8*j + 10. Let y(o) = -7*n(o) + 2*u(o). Calculate y(6).
4
Let f be (4 + -8)*-3 - 5. Let d(m) = 3*m + 9. Let h(t) = -2*t - 9. Let o(l) = 4*d(l) + 5*h(l). Calculate o(f).
5
Let p(q) = -5 - q - 132*q**3 - 4*q**2 + 6 + 70*q**3 + 61*q**3. Suppose 4*w - y + 4 = 2*w, 4 = -2*w + 3*y. What is p(w)?
-5
Let d(t) = t**3 - 2*t**2 + t - 6. Let s = -25 - -28. Determine d(s).
6
Suppose 0 = -3*x - 4*p - 23, -x - x - 4*p - 18 = 0. Let r(l) be the third derivative of 1/24*l**4 + 7/6*l**3 - 16*l**2 + 0*l + 0. Calculate r(x).
2
Suppose 9 = -u + 2*i, 3*u - 17*i - 13 = -21*i. Let t(g) = -5*g**2 + g. Give t(u).
-6
Let i(a) = 35*a**2 - 3 - 34*a**2 - 2*a + 0*a - 3*a. Let p(x) be the first derivative of x**2/2 + x + 3. Let s(c) = -i(c) - p(c). Determine s(6).
-10
Let p(n) = -2*n**2 + n - 1. Let h(s) = -13*s**2 + 10*s - 3. Let i(q) = -h(q) + 6*p(q). Suppose 4*t = -d - 16, -6*d = -d + 5*t + 5. Give i(d).
-3
Let f(t) be the first derivative of -5*t**4/2 + 2*t**3/3 - t**2 + t + 2. Let g(y) = 20*y**2 + 60*y + 1. Let j be g(-3). Give f(j).
-9
Let n be 2/(-4)*-10 - 1. Suppose 0 = -2*j + 1 + 7. Suppose -j*t + n = 4*k, 2*t - 4 = 2. Let l(r) = -3*r**2 - 3*r - 1. Give l(k).
-7
Let h(f) be the second derivative of -4*f + 1/6*f**3 + 5/2*f**2 + 0. Calculate h(-6).
-1
Suppose -20 = -4*w - l, w + 4*l - 9*l + 16 = 0. Let f(d) = -14*d**2 - 23*d - 3. Let q(i) = -5*i**2 - 8*i - 1. Let j(p) = -6*f(p) + 17*q(p). Calculate j(w).
-7
Let u(y) be the third derivative of y**5/60 + y**4/12 + y**3/6 - y**2. Let z be 4/14 - (-20)/(-70). Suppose -2 = 5*w - s, -4 = -5*w - z*w + 3*s. Give u(w).
0
Let v(n) = 7*n**3 + n**2 - 2*n - 2. Let w be v(-1). Let q be -2 + (-4 - (w - 2)). Let p(a) = 0*a**2 - 2 + q*a**2 - a**2 - a**3 - a - 3. Calculate p(0).
-5
Let t(j) = 2*j. Let n(q) = -7*q - 10. Let u(i) = n(i) + 4*t(i). Determine u(9).
-1
Let s(z) be the first derivative of z**4/4 - z**3/3 + 3*z**2/2 - 3*z - 77. Calculate s(2).
7
Let y(a) = -a**3 + 2*a**2 - a - 1. Suppose 5*k - 18 = -w + 2*k, 2*k = w - 43. Let o = -31 + w. Calculate y(o).
-3
Let c be -3*((-25)/(-15) + -2). Let a = 4 + -1. Let p(d) = c + 4*d**a - 4 + 2. Calculate p(1).
3
Let b be (-18)/(-54)*(14 + 1). Let s(j) be the third derivative of -1/120*j**6 + 1/10*j**b - 1/6*j**3 + 2*j**2 - 1/4*j**4 + 0 + 0*j. Determine s(5).
-6
Let z(l) = -37314*l - 2 - 37317*l + 74632*l - l**2. Let o be 4/(-14) + 16/7. Calculate z(o).
-4
Let v(f) = f**2 + f - 3. Let o(z) = 4*z - 1. Let a be o(0). Let u be (-10)/(-4)*a/(-10)*12. What is v(u)?
9
Let r(s) = -2*s**2 + 3*s + 2. Let g = 2042 + -2039. What is r(g)?
-7
Let a be ((2/2)/1)/(6/30). Suppose 5 - 10 = -a*b. Let v(s) be the first derivative of 3*s**2/2 + s + 3. Give v(b).
4
Let u(y) be the second derivative of -y**4/12 + y**3/3 + y**2/2 + 2*y. Let w(i) = -i**2 + 12*i + i**2 + 2*i**2 + 20*i + 2. Let g be w(-16). Give u(g).
1
Let f(l) = -4*l + 424 - 6*l**2 + 425 - 852 - l**3. Calculate f(-6).
21
Let d(n) = n**3 - 3*n**2 + 5*n - 4. Suppose -3*t - 26 = -5*b, 12*t - 7*t = 4*b - 26. Give d(b).
32
Suppose -44 = -4*y + 36. Suppose -w = 4*w + y. Let k(m) = m**2 + 7*m. Determine k(w).
-12
Let x(d) be the first